pose l = -4*p + 4, -4*l - l = 2*p - 20. Suppose 6*t - 4*t + 3*u = 273, p = u - 3. What is the greatest common divisor of t and 12?
12
Suppose 0 = 13*k + 8857 - 8961. Calculate the greatest common divisor of 56768 and k.
8
Let x = 2 + 0. Let t = -31 - -36. Let c be (10/t)/(1 - 1/x). What is the greatest common divisor of c and 44?
4
Let d be (-315)/(-14)*48/108. Calculate the greatest common divisor of d and 3110.
10
Let g(b) = b + 58. Let v be g(-18). Let x(w) = -39*w**3 + 8 - 7*w + w**2 + 3*w**2 + v*w**3. Let j be x(-4). Calculate the highest common divisor of j and 90.
18
Let r be (-8)/(48/(-267))*(11 + (-8 - -5)). What is the highest common divisor of r and 36?
4
Suppose -24*t = 1822 - 5662. Calculate the greatest common factor of 210 and t.
10
Let f = -19952 - -21800. Calculate the highest common divisor of f and 1056.
264
Let q = -396 - -417. Suppose -2*g - 3*r = 23 + 361, 5*g - 5*r = -1010. Let f = g - -345. Calculate the highest common factor of q and f.
21
Let h = -4787 - -8614. Calculate the highest common factor of h and 129.
43
Suppose -116*r + 7831 = 21*r - 7787. Let q = 5 + 33. What is the greatest common divisor of r and q?
38
Suppose 2*d = 2*h + 312, 3*h = -d - 370 - 114. Let x = -61 - h. Let w = x + -92. Calculate the greatest common factor of 1 and w.
1
Let r = 20607 - 16407. Calculate the highest common divisor of 1950 and r.
150
Suppose 14*i + 1517 = 5829. What is the highest common factor of i and 33?
11
Let z(f) = f**2 + f - 86. Let g be 20/7*((-245)/(-10))/7. Let n be z(g). What is the greatest common divisor of 60 and n?
12
Let w(l) = 8*l**2 - 33*l - 13. Let m be w(-5). Suppose -6*k = -10*k + m. Calculate the greatest common factor of 22 and k.
22
Suppose -411*p = -s - 414*p + 15, 2 = -2*p. Let t = -459 + 657. Calculate the greatest common factor of s and t.
18
Let b be ((-36)/(-28))/3 + 526050/147 - 6. Calculate the highest common divisor of 9 and b.
9
Let z = 0 + 15. Suppose 2*o + 2 - 8 = -2*x, -5*x = o - z. Suppose o = 4*w - 32 - 20. What is the highest common divisor of w and 52?
13
Let f(s) = s**3 - 2*s**2 + 6. Let d be f(3). Let x = d - -15. Let j(l) = -l**2 + 24*l + 7. Let m be j(13). What is the greatest common factor of m and x?
30
Suppose -17*w + 6*w + 1125 = 14*w. Calculate the highest common divisor of w and 1000.
5
Suppose -33*f - 4216 = 1724. Let o be (-4)/(-45)*204 - (-24)/f. Calculate the greatest common divisor of 684 and o.
18
Let h be ((-2187)/45 + 27/45)*158/(-6). What is the greatest common divisor of 79 and h?
79
Let t = -324 + 454. What is the highest common factor of t and 3250?
130
Let t(v) = 6 + 18 + v + v. Let i = 1161 + -1153. Let p be t(i). What is the greatest common divisor of p and 440?
40
Let q(d) = -2*d**2 + 147*d + 46. Let n be q(60). What is the highest common factor of 98 and n?
98
Let a(q) be the third derivative of -73*q**6/40 - q**5/60 - q**4/12 + 19*q**2 - 1. Let r be a(-1). What is the greatest common divisor of r and 80?
20
Suppose -9*k + 7*k + 7036 = 5*b, -3*b = 3*k - 4218. Let s = 2064 - b. Calculate the greatest common divisor of 16 and s.
16
Suppose 0 = -4*d - 6*t + 5*t - 40, -2*d = -4*t + 2. Let w be (-84)/d*((-54)/12 + 6). Calculate the greatest common factor of w and 112.
14
Let a(i) = -14063*i**3 + 4*i**2 + 97*i + 92. Let f be a(-1). Calculate the highest common divisor of f and 534.
178
Let t = 1706 - 1346. Calculate the greatest common factor of 1260 and t.
180
Let g = 10703 - 10679. Calculate the greatest common divisor of 152 and g.
8
Let d be ((-14080)/56)/20*-14. What is the greatest common divisor of 752 and d?
16
Suppose -3*j - 886 = -v, -3*j = 4*v - 2*j - 3479. Suppose -x = -k - 437, -2*x = -11*k + 8*k - v. Calculate the highest common divisor of 40 and x.
40
Suppose 21*w + 52*w = 22*w + 1226397. What is the greatest common factor of w and 173?
173
Let j = -469 + 466. Let r(i) = -i**3 + 2*i**2 + 14*i + 13. Let f be r(j). Let b(p) = 37*p - 4. Let m be b(4). What is the highest common factor of m and f?
16
Let h(n) = -2*n**2 - 118*n + 964. Let u be h(-57). What is the highest common factor of 2533 and u?
149
Let s = 4526 - 1717. What is the highest common factor of s and 53?
53
Let a be (-3406)/(-130) - (-2)/(-10). What is the highest common factor of a and 4121?
13
Let c = -42 - -44. Let h be (-20)/c*6/((-30)/55). Let m(a) = 2*a**2 + 3*a + 2. Let f be m(-4). What is the greatest common divisor of f and h?
22
Let s be (-6 - -4)*(-9)/2. Let k(x) = x**3 + 14*x**2 - 260*x - 30. Let y be k(-24). What is the highest common divisor of y and s?
9
Let j be -119*(-3 + (-54)/(-21))/((-36)/(-24)). Suppose 408 = 5*c - c. Calculate the greatest common factor of c and j.
34
Suppose 8*p - 7 - 17 = 0. Suppose 2*c - p*q = -0*c + 75, -5*q - 113 = -3*c. What is the greatest common divisor of 4 and c?
4
Suppose -74*r + 5149 = -3731. Calculate the highest common factor of 270 and r.
30
Let x be ((-2)/(-4))/((-13)/(-52)). Suppose -r = o + x*r - 4, -5*r = -2*o + 19. Suppose 0*m = -o*m + 182. What is the greatest common factor of 182 and m?
26
Let p(s) = -2*s**3 + 78*s**2 + 86*s - 100. Let y be ((-43)/3 + 5)*(-120)/28. Let w be p(y). What is the greatest common divisor of w and 21?
7
Let z be 15/(1/(4/3)). Let o = 28707 + -28447. What is the highest common factor of z and o?
20
Let b = -35 - -38. Let d(f) = f**2 + 5*f + 2. Let o be d(-5). Suppose -b*c + 4 = -o*g, -9*g = -5*c - 4*g + 5. Calculate the highest common divisor of 4 and c.
2
Suppose 2*s - 6 = 2, -j + 5*s = -309. What is the greatest common factor of 1786 and j?
47
Let s(w) = w + 175. Let y be s(0). Let v be 55804/532 + (-18)/(-171). What is the highest common divisor of v and y?
35
Let l = 20178 - 20033. Suppose 228 = 5*o - 62. Calculate the highest common divisor of l and o.
29
Suppose 230 = -82*c + 186*c - 81*c. Calculate the greatest common factor of c and 3970.
10
Let x be 26 + 4 + (-1 - 0). Let i be (-10)/75*-1 + 2353/15. Let m = 162 + i. Calculate the highest common divisor of m and x.
29
Let f be -3 - (-42 - -41)/((-1)/(-3)). Suppose f = -3*p - r + 1945 + 484, p - 814 = 4*r. Calculate the highest common factor of p and 9.
9
Suppose 1606 + 158 = 28*m. What is the highest common divisor of 28 and m?
7
Suppose 0 = 27*w - 26*w + 2*y + 4, -2*w + 64 = -5*y. What is the greatest common divisor of 2634 and w?
6
Suppose -156*f + 18*f = -151304 - 772. Calculate the highest common factor of 38 and f.
38
Let c be 14/(3 - 1) - 1. Suppose -5*z = -341 - 534. Let g be (-3)/7 + 1125/z. What is the greatest common factor of c and g?
6
Let c be ((-1122)/(-99))/((-3)/(-963)) - -4. Calculate the highest common factor of c and 6.
6
Suppose 20 = 5*r - 15*r. Let w be -3 - (1 + (5 - r)). Let t be 2/w - (-408)/66. What is the highest common divisor of t and 6?
6
Suppose 2*o + 2790 + 614 = 4*n, -2*n + 1732 = 4*o. Calculate the greatest common factor of 305 and n.
61
Suppose -2*j - 5*t + 140 - 35 = 0, 0 = -2*j - t + 93. Let g be 4/(-14) - (-65)/7. Calculate the highest common divisor of j and g.
9
Let m = 33576 + -33136. What is the highest common factor of 1480 and m?
40
Let g(q) = 23189*q**3 + 2*q**2 + 23*q - 24. Let d be g(1). What is the highest common factor of 30 and d?
30
Let y(v) = 11*v - 37. Let i be y(3). Let n be ((-4)/6)/(i + 59/15). What is the greatest common factor of n and 8?
2
Suppose -142 = 4*y - 2*y. Suppose -3*n = 4*t + 672 + 79, 0 = 4*n - 12. Let d = y - t. What is the greatest common factor of 17 and d?
17
Let t = -22 + 319. Let x = 329 - t. Let v = 156 - 60. Calculate the highest common factor of v and x.
32
Let r be (24/(-48))/(1/(-4)). Suppose 0 = r*j - 0*j + o - 3, -5*o - 25 = 0. Let i be (-6 - -4)*(-2)/j. Calculate the highest common factor of i and 11.
1
Let x be (36/12)/((-2)/172). Let j = x + 271. What is the greatest common factor of j and 169?
13
Suppose 756 = -34*n + 41*n. Suppose 2*s - 5*s = -n. Calculate the highest common divisor of s and 12.
12
Let w = 323 + -131. Suppose -22*j = -14*j - w. What is the greatest common divisor of j and 984?
24
Let b = -49 + 51. Suppose -46 = -l - 0*f + b*f, 0 = 4*f + 4. Suppose -2*o - 87 = -3*h, 0 = -3*h + 3*o + l + 43. What is the greatest common factor of h and 58?
29
Suppose 5*n + 0*n = 170. Let f = -960 + 967. Suppose f*q - 657 = -62. Calculate the greatest common divis